 the prime factors of 3613?
3613
What are the prime factors of 1815?
3, 5, 11
List the prime factors of 79533.
3, 8837
List the prime factors of 7022.
2, 3511
List the prime factors of 53547.
3, 13, 1373
What are the prime factors of 17930?
2, 5, 11, 163
List the prime factors of 674.
2, 337
List the prime factors of 38762.
2, 19381
What are the prime factors of 322?
2, 7, 23
What are the prime factors of 36886?
2, 18443
What are the prime factors of 4915?
5, 983
List the prime factors of 376.
2, 47
List the prime factors of 7990.
2, 5, 17, 47
What are the prime factors of 12901?
7, 19, 97
List the prime factors of 1846.
2, 13, 71
What are the prime factors of 35704?
2, 4463
List the prime factors of 24631.
24631
List the prime factors of 37147.
11, 307
What are the prime factors of 12713?
12713
What are the prime factors of 32117?
32117
What are the prime factors of 1192?
2, 149
What are the prime factors of 1346?
2, 673
What are the prime factors of 1224?
2, 3, 17
What are the prime factors of 6792?
2, 3, 283
What are the prime factors of 275?
5, 11
What are the prime factors of 603?
3, 67
What are the prime factors of 3927?
3, 7, 11, 17
List the prime factors of 2580.
2, 3, 5, 43
List the prime factors of 19939.
127, 157
List the prime factors of 5272.
2, 659
What are the prime factors of 1175?
5, 47
List the prime factors of 2350.
2, 5, 47
List the prime factors of 1225.
5, 7
List the prime factors of 188274.
2, 3, 31379
List the prime factors of 9876.
2, 3, 823
What are the prime factors of 10788?
2, 3, 29, 31
List the prime factors of 526.
2, 263
What are the prime factors of 117623?
11, 17, 37
List the prime factors of 5834.
2, 2917
List the prime factors of 53216.
2, 1663
What are the prime factors of 21910?
2, 5, 7, 313
What are the prime factors of 10534?
2, 23, 229
What are the prime factors of 7146?
2, 3, 397
What are the prime factors of 8728?
2, 1091
List the prime factors of 616.
2, 7, 11
List the prime factors of 8240.
2, 5, 103
What are the prime factors of 2118?
2, 3, 353
What are the prime factors of 9368?
2, 1171
What are the prime factors of 93?
3, 31
List the prime factors of 9184.
2, 7, 41
What are the prime factors of 5105?
5, 1021
List the prime factors of 909.
3, 101
What are the prime factors of 10262?
2, 7, 733
What are the prime factors of 1761?
3, 587
List the prime factors of 59981.
59981
List the prime factors of 2756.
2, 13, 53
List the prime factors of 118.
2, 59
List the prime factors of 609.
3, 7, 29
What are the prime factors of 1032?
2, 3, 43
What are the prime factors of 205706?
2, 163, 631
List the prime factors of 2796.
2, 3, 233
What are the prime factors of 2682?
2, 3, 149
What are the prime factors of 14029?
14029
List the prime factors of 874.
2, 19, 23
List the prime factors of 6590.
2, 5, 659
List the prime factors of 8385.
3, 5, 13, 43
List the prime factors of 2911.
41, 71
List the prime factors of 3864.
2, 3, 7, 23
What are the prime factors of 665?
5, 7, 19
List the prime factors of 5745.
3, 5, 383
List the prime factors of 18048.
2, 3, 47
List the prime factors of 108284.
2, 11, 23, 107
List the prime factors of 32743.
137, 239
What are the prime factors of 27274?
2, 13, 1049
What are the prime factors of 8130?
2, 3, 5, 271
What are the prime factors of 8460?
2, 3, 5, 47
List the prime factors of 7527.
3, 13, 193
List the prime factors of 1224.
2, 3, 17
List the prime factors of 52317.
3, 5813
List the prime factors of 43435.
5, 7, 17, 73
List the prime factors of 1872.
2, 3, 13
What are the prime factors of 1269?
3, 47
List the prime factors of 996.
2, 3, 83
List the prime factors of 844.
2, 211
What are the prime factors of 1388?
2, 347
What are the prime factors of 9816?
2, 3, 409
What are the prime factors of 40212?
2, 3, 1117
What are the prime factors of 5709?
3, 11, 173
List the prime factors of 12792.
2, 3, 13, 41
What are the prime factors of 16894?
2, 8447
List the prime factors of 35383.
41, 863
List the prime factors of 2611.
7, 373
What are the prime factors of 9367?
17, 19, 29
What are the prime factors of 395?
5, 79
List the prime factors of 3783.
3, 13, 97
List the prime factors of 2764.
2, 691
What are the prime factors of 962?
2, 13, 37
List the prime factors of 6945.
3, 5, 463
List the prime factors of 73787.
7, 83, 127
What are the prime factors of 1709?
1709
What are the prime factors of 269?
269
What are the prime factors of 11708?
2, 2927
List the prime factors of 23239.
17, 1367
List the prime factors of 159189.
3, 47, 1129
List the prime factors of 661.
661
What are the prime factors of 8287?
8287
List the prime factors of 2583.
3, 7, 41
What are the prime factors of 902?
2, 11, 41
List the prime factors of 720.
2, 3, 5
What are the prime factors of 6618?
2, 3, 1103
List the prime factors of 3163.
3163
List the prime factors of 5662.
2, 19, 149
What are the prime factors of 4917?
3, 11, 149
What are the prime factors of 385?
5, 7, 11
What are the prime factors of 121744?
2, 7, 1087
What are the prime factors of 104741?
7, 13, 1151
List the prime factors of 469.
7, 67
List the prime factors of 15340.
2, 5, 13, 59
List the prime factors of 787.
787
List the prime factors of 20002.
2, 73, 137
List the prime factors of 3530.
2, 5, 353
What are the prime factors of 400?
2, 5
What are the prime factors of 6141?
3, 23, 89
List the prime factors of 101.
101
List the prime factors of 1647.
3, 61
What are the prime factors of 3329?
3329
List the prime factors of 1802.
2, 17, 53
What are the prime factors of 38987?
13, 2999
What are the prime factors of 164688?
2, 3, 47, 73
List the prime factors of 10022.
2, 5011
What are the prime factors of 85902?
2, 3, 103, 139
What are the prime factors of 474?
2, 3, 79
What are the prime factors of 1976?
2, 13, 19
List the prime factors of 1403.
23, 61
List the prime factors of 168981.
3, 23, 31, 79
What are the prime factors of 1950?
2, 3, 5, 13
List the prime factors of 54419.
54419
What are the prime factors of 6327?
3, 19, 37
What are the prime factors of 1380?
2, 3, 5, 23
What are the prime factors of 18457?
18457
List the prime factors of 2992.
2, 11, 17
List the prime factors of 2725.
5, 109
List the prime factors of 1952.
2, 61
List the prime factors of 478.
2, 239
List the prime factors of 3794.
2, 7, 271
What are the prime factors of 68609?
19, 23, 157
What are the prime factors of 1411?
17, 83
List the prime factors of 36578.
2, 18289
What are the prime factors of 3394?
2, 1697
What are the prime factors of 32555?
5, 17, 383
What are the prime factors of 2991?
3, 997
List the prime factors of 985.
5, 197
What are the prime factors of 48845?
5, 9769
List the prime factors of 31895.
5, 6379
What are the prime factors of 454?
2, 227
List the prime factors of 27197.
27197
What are the prime factors of 2717?
11, 13, 19
What are the prime factors of 825?
3, 5, 11
What are the prime factors of 34431?
3, 23, 499
List the prime factors of 34419.
3, 7, 11, 149
What are the prime factors of 12490?
2, 5, 1249
List the prime factors of 273.
3, 7, 13
List the prime factors of 2419.
41, 59
List the prime factors of 1008.
2, 3, 7
List the prime factors of 311.
311
What are the prime factors of 89?
89
List the prime factors of 43223.
43223
What are the prime factors of 10230?
2, 3, 5, 11, 31
List the prime factors of 210.
2, 3, 5, 7
What are the prime factors of 11216?
2, 701
What are the prime factors of 400?
2, 5
What are the prime factors of 42619?
17, 23, 109
List the prime factors of 93656.
2, 23, 509
What are the prime factors of 63413?
7, 9059
What are the prime factors of 6546?
2, 3, 1091
List the prime factors of 21086.
2, 13, 811
What are the prime factors of 1069?
1069
List the prime factors of 14.
2, 7
List the prime factors of 13178.
2, 11, 599
What are the prime factors of 104177?
19, 5483
List the prime factors of 3350.
2, 5, 67
List the prime factors of 2672.
2, 167
List the prime factors of 13582.
2, 6791
List the prime factors of 1625.
5, 13
List the prime factors of 69919.
29, 2411
What are the prime factors of 1189?
29, 41
List the prime factors of 10733.
10733
What are the prime factors of 897?
3, 13, 23
What are the prime factors of 740?
2, 5, 37
What are the prime factors of 24153?
3, 83, 97
What are the prime factors